{"id":27,"date":"2022-11-10T16:18:46","date_gmt":"2022-11-10T16:18:46","guid":{"rendered":"https:\/\/luispaesdebarros.com\/?page_id=27"},"modified":"2022-11-10T16:18:46","modified_gmt":"2022-11-10T16:18:46","slug":"sobre","status":"publish","type":"page","link":"https:\/\/luispaesdebarros.com\/?page_id=27","title":{"rendered":"SOBRE"},"content":{"rendered":"\n<p>Ol\u00e1, como vai. Sou o Dr. Luis Barros, cirurgi\u00e3o dentista especializado na \u00e1rea de Cirurgia e Traumatologia Buco Maxilofacial. Trabalhei em S\u00e3o Paulo em cl\u00ednica pr\u00f3pria por mais de 25 anos, atendendo na \u00e1rea de cirurgia e implantologia oral. <\/p>\n\n\n\n<p>Atualmente moro nos Estados Unidos, onde trabalho como professor universit\u00e1rio na Nova Southeastern University, na \u00e1rea de OMFS &#8211; Oral and Maxillofacial Surgery. <\/p>\n\n\n\n<p>Devido a toda a minha experi\u00eancia de vida profissional, acredito que possa, atrav\u00e9s de meus blogs, ajudar muitas pessoas a entenderem e a tomarem a melhor decis\u00e3o com rela\u00e7\u00e3o \u00e0 sa\u00fade oral.<\/p>\n\n\n\n<p>Espero poder contribuir e divulgar um conte\u00fado atual, interessante e que leve conhecimento ao maior n\u00famero de pessoas. Dessa forma, tenho certeza que conseguiremos melhorar a sa\u00fade e qualidade de vida das pessoas. Compartilho a opini\u00e3o de que a <strong>sa\u00fade come\u00e7a pela boca.<\/strong><\/p>\n\n\n\n<p>Boa leitura e estou a disposi\u00e7\u00e3o.<\/p>\n\n\n\n<p>Um forte abraco.<\/p>\n","protected":false},"excerpt":{"rendered":"<p>Ol\u00e1, como vai. Sou o Dr. Luis Barros, cirurgi\u00e3o dentista especializado na \u00e1rea de Cirurgia e Traumatologia Buco Maxilofacial. Trabalhei em S\u00e3o Paulo em cl\u00ednica pr\u00f3pria por mais de 25 anos, atendendo na \u00e1rea de cirurgia e implantologia oral. Atualmente moro nos Estados Unidos, onde trabalho como professor universit\u00e1rio na Nova Southeastern University, na \u00e1rea &#8230; <a title=\"SOBRE\" class=\"read-more\" href=\"https:\/\/luispaesdebarros.com\/?page_id=27\" aria-label=\"More on SOBRE\">Ler mais<\/a><\/p>\n","protected":false},"author":1,"featured_media":0,"parent":0,"menu_order":0,"comment_status":"open","ping_status":"closed","template":"","meta":{"om_disable_all_campaigns":false,"_mi_skip_tracking":false},"aioseo_notices":[],"yoast_head":"<!-- This site is optimized with the Yoast SEO plugin v19.10 - https:\/\/yoast.com\/wordpress\/plugins\/seo\/ -->\n<title>SOBRE - luispaesdebarros.com<\/title>\n<meta name=\"robots\" content=\"index, follow, max-snippet:-1, max-image-preview:large, max-video-preview:-1\" \/>\n<link rel=\"canonical\" href=\"https:\/\/luispaesdebarros.com\/?page_id=27\" \/>\n<meta property=\"og:locale\" content=\"pt_BR\" \/>\n<meta property=\"og:type\" content=\"article\" \/>\n<meta property=\"og:title\" content=\"SOBRE - luispaesdebarros.com\" \/>\n<meta property=\"og:description\" content=\"Ol\u00e1, como vai. Sou o Dr. Luis Barros, cirurgi\u00e3o dentista especializado na \u00e1rea de Cirurgia e Traumatologia Buco Maxilofacial. Trabalhei em S\u00e3o Paulo em cl\u00ednica pr\u00f3pria por mais de 25 anos, atendendo na \u00e1rea de cirurgia e implantologia oral. Atualmente moro nos Estados Unidos, onde trabalho como professor universit\u00e1rio na Nova Southeastern University, na \u00e1rea ... Ler mais\" \/>\n<meta property=\"og:url\" content=\"https:\/\/luispaesdebarros.com\/?page_id=27\" \/>\n<meta property=\"og:site_name\" content=\"luispaesdebarros.com\" \/>\n<meta name=\"twitter:card\" content=\"summary_large_image\" \/>\n<meta name=\"twitter:label1\" content=\"Est. tempo de leitura\" \/>\n\t<meta name=\"twitter:data1\" content=\"1 minuto\" \/>\n<script type=\"application\/ld+json\" class=\"yoast-schema-graph\">{\"@context\":\"https:\/\/schema.org\",\"@graph\":[{\"@type\":\"WebPage\",\"@id\":\"https:\/\/luispaesdebarros.com\/?page_id=27\",\"url\":\"https:\/\/luispaesdebarros.com\/?page_id=27\",\"name\":\"SOBRE - luispaesdebarros.com\",\"isPartOf\":{\"@id\":\"https:\/\/luispaesdebarros.com\/#website\"},\"datePublished\":\"2022-11-10T16:18:46+00:00\",\"dateModified\":\"2022-11-10T16:18:46+00:00\",\"breadcrumb\":{\"@id\":\"https:\/\/luispaesdebarros.com\/?page_id=27#breadcrumb\"},\"inLanguage\":\"pt-BR\",\"potentialAction\":[{\"@type\":\"ReadAction\",\"target\":[\"https:\/\/luispaesdebarros.com\/?page_id=27\"]}]},{\"@type\":\"BreadcrumbList\",\"@id\":\"https:\/\/luispaesdebarros.com\/?page_id=27#breadcrumb\",\"itemListElement\":[{\"@type\":\"ListItem\",\"position\":1,\"name\":\"Home\",\"item\":\"https:\/\/luispaesdebarros.com\/\"},{\"@type\":\"ListItem\",\"position\":2,\"name\":\"SOBRE\"}]},{\"@type\":\"WebSite\",\"@id\":\"https:\/\/luispaesdebarros.com\/#website\",\"url\":\"https:\/\/luispaesdebarros.com\/\",\"name\":\"luispaesdebarros.com\",\"description\":\"sa\u00fade est\u00e9tica beleza\",\"publisher\":{\"@id\":\"https:\/\/luispaesdebarros.com\/#organization\"},\"potentialAction\":[{\"@type\":\"SearchAction\",\"target\":{\"@type\":\"EntryPoint\",\"urlTemplate\":\"https:\/\/luispaesdebarros.com\/?s={search_term_string}\"},\"query-input\":\"required name=search_term_string\"}],\"inLanguage\":\"pt-BR\"},{\"@type\":\"Organization\",\"@id\":\"https:\/\/luispaesdebarros.com\/#organization\",\"name\":\"luispaesdebarros.com\",\"url\":\"https:\/\/luispaesdebarros.com\/\",\"logo\":{\"@type\":\"ImageObject\",\"inLanguage\":\"pt-BR\",\"@id\":\"https:\/\/luispaesdebarros.com\/#\/schema\/logo\/image\/\",\"url\":\"https:\/\/luispaesdebarros.com\/wp-content\/uploads\/2022\/11\/cropped-LOGO-DR-LUIS-BARROS.png\",\"contentUrl\":\"https:\/\/luispaesdebarros.com\/wp-content\/uploads\/2022\/11\/cropped-LOGO-DR-LUIS-BARROS.png\",\"width\":500,\"height\":174,\"caption\":\"luispaesdebarros.com\"},\"image\":{\"@id\":\"https:\/\/luispaesdebarros.com\/#\/schema\/logo\/image\/\"}}]}<\/script>\n<!-- \/ Yoast SEO plugin. -->","yoast_head_json":{"title":"SOBRE - luispaesdebarros.com","robots":{"index":"index","follow":"follow","max-snippet":"max-snippet:-1","max-image-preview":"max-image-preview:large","max-video-preview":"max-video-preview:-1"},"canonical":"https:\/\/luispaesdebarros.com\/?page_id=27","og_locale":"pt_BR","og_type":"article","og_title":"SOBRE - luispaesdebarros.com","og_description":"Ol\u00e1, como vai. Sou o Dr. Luis Barros, cirurgi\u00e3o dentista especializado na \u00e1rea de Cirurgia e Traumatologia Buco Maxilofacial. Trabalhei em S\u00e3o Paulo em cl\u00ednica pr\u00f3pria por mais de 25 anos, atendendo na \u00e1rea de cirurgia e implantologia oral. Atualmente moro nos Estados Unidos, onde trabalho como professor universit\u00e1rio na Nova Southeastern University, na \u00e1rea ... Ler mais","og_url":"https:\/\/luispaesdebarros.com\/?page_id=27","og_site_name":"luispaesdebarros.com","twitter_card":"summary_large_image","twitter_misc":{"Est. tempo de leitura":"1 minuto"},"schema":{"@context":"https:\/\/schema.org","@graph":[{"@type":"WebPage","@id":"https:\/\/luispaesdebarros.com\/?page_id=27","url":"https:\/\/luispaesdebarros.com\/?page_id=27","name":"SOBRE - luispaesdebarros.com","isPartOf":{"@id":"https:\/\/luispaesdebarros.com\/#website"},"datePublished":"2022-11-10T16:18:46+00:00","dateModified":"2022-11-10T16:18:46+00:00","breadcrumb":{"@id":"https:\/\/luispaesdebarros.com\/?page_id=27#breadcrumb"},"inLanguage":"pt-BR","potentialAction":[{"@type":"ReadAction","target":["https:\/\/luispaesdebarros.com\/?page_id=27"]}]},{"@type":"BreadcrumbList","@id":"https:\/\/luispaesdebarros.com\/?page_id=27#breadcrumb","itemListElement":[{"@type":"ListItem","position":1,"name":"Home","item":"https:\/\/luispaesdebarros.com\/"},{"@type":"ListItem","position":2,"name":"SOBRE"}]},{"@type":"WebSite","@id":"https:\/\/luispaesdebarros.com\/#website","url":"https:\/\/luispaesdebarros.com\/","name":"luispaesdebarros.com","description":"sa\u00fade est\u00e9tica beleza","publisher":{"@id":"https:\/\/luispaesdebarros.com\/#organization"},"potentialAction":[{"@type":"SearchAction","target":{"@type":"EntryPoint","urlTemplate":"https:\/\/luispaesdebarros.com\/?s={search_term_string}"},"query-input":"required name=search_term_string"}],"inLanguage":"pt-BR"},{"@type":"Organization","@id":"https:\/\/luispaesdebarros.com\/#organization","name":"luispaesdebarros.com","url":"https:\/\/luispaesdebarros.com\/","logo":{"@type":"ImageObject","inLanguage":"pt-BR","@id":"https:\/\/luispaesdebarros.com\/#\/schema\/logo\/image\/","url":"https:\/\/luispaesdebarros.com\/wp-content\/uploads\/2022\/11\/cropped-LOGO-DR-LUIS-BARROS.png","contentUrl":"https:\/\/luispaesdebarros.com\/wp-content\/uploads\/2022\/11\/cropped-LOGO-DR-LUIS-BARROS.png","width":500,"height":174,"caption":"luispaesdebarros.com"},"image":{"@id":"https:\/\/luispaesdebarros.com\/#\/schema\/logo\/image\/"}}]}},"_links":{"self":[{"href":"https:\/\/luispaesdebarros.com\/index.php?rest_route=\/wp\/v2\/pages\/27"}],"collection":[{"href":"https:\/\/luispaesdebarros.com\/index.php?rest_route=\/wp\/v2\/pages"}],"about":[{"href":"https:\/\/luispaesdebarros.com\/index.php?rest_route=\/wp\/v2\/types\/page"}],"author":[{"embeddable":true,"href":"https:\/\/luispaesdebarros.com\/index.php?rest_route=\/wp\/v2\/users\/1"}],"replies":[{"embeddable":true,"href":"https:\/\/luispaesdebarros.com\/index.php?rest_route=%2Fwp%2Fv2%2Fcomments&post=27"}],"version-history":[{"count":1,"href":"https:\/\/luispaesdebarros.com\/index.php?rest_route=\/wp\/v2\/pages\/27\/revisions"}],"predecessor-version":[{"id":28,"href":"https:\/\/luispaesdebarros.com\/index.php?rest_route=\/wp\/v2\/pages\/27\/revisions\/28"}],"wp:attachment":[{"href":"https:\/\/luispaesdebarros.com\/index.php?rest_route=%2Fwp%2Fv2%2Fmedia&parent=27"}],"curies":[{"name":"wp","href":"https:\/\/api.w.org\/{rel}","templated":true}]}}